
2, 1153
Suppose -7*d + 9 = -4*d. Suppose 4*a = -3*h + 17, h + 13 = d*a + 3*h. What are the prime factors of a?
5
List the prime factors of -1*(-316)/(-8)*(-94 + 4).
3, 5, 79
Suppose c + 3*v - 1333 = 0, -2*c - 10*v + 13*v + 2711 = 0. List the prime factors of c.
2, 337
Let q = 2428 + -1361. What are the prime factors of q?
11, 97
Let z = 884 + -602. List the prime factors of z.
2, 3, 47
List the prime factors of -3 - -490 - (-20)/(-5).
3, 7, 23
What are the prime factors of -1 - -347 - (5 - (-24)/(-4))?
347
Suppose -2*c - 3*h = -0*h + 16, -4*c + 2*h = 0. Let g be c - (-6)/(-9)*-3. Suppose g = -4*k + 41 + 27. List the prime factors of k.
17
Suppose 4*b - 4*v - 228 = 0, 4*b = -7*v + 2*v + 264. Suppose 0*f = 9*f + 360. Let t = b + f. What are the prime factors of t?
3, 7
Suppose 0 = -2*c + 6. List the prime factors of 93/9 - c/(18/(-4)).
11
Let c be 7/(21/6)*4. What are the prime factors of 1/(c/14 + (-664)/1176)?
3, 7
Let w(u) = -4*u + 2*u**2 - 2 + 10*u + 4. Let l be w(-6). List the prime factors of (-2)/(-2 + 74/l).
2, 19
Let l(h) = -37*h**2 - 4*h - 7. Let q be l(-2). Let w = q + 289. What are the prime factors of w?
2, 71
Let l(v) = -v**3 - 7*v**2 + 8*v + 4. Let k be l(-8). Let r be 75/k + (-1)/(-4). Suppose r = d - 30. What are the prime factors of d?
7
Let z(j) = -j**2 + 10*j - 1. Suppose 3*u + 3 + 5 = 4*l, 0 = -2*u + l + 3. Let h be -7*(u/1)/(-4). List the prime factors of z(h).
2, 5
Suppose 2*v + 478 = 5*g + 3*v, -380 = -4*g - 2*v. Let k = -86 + g. List the prime factors of k.
2, 5
Let t(o) = -5*o - 3. Let l(d) = 2*d + 14. Let i = -24 - -16. Let z be l(i). List the prime factors of t(z).
7
Let s = 39 - 37. Let f(t) = 23*t - 2. List the prime factors of f(s).
2, 11
Let b = -20 + 22. What are the prime factors of -20*(-5)/b + 3?
53
Let y = -203 - -128. What are the prime factors of (y/10)/(-5) - 3/(-2)?
3
Let w = -12 + 13. Let c = w - -8. What are the prime factors of c?
3
Let q = -2514 + 4006. List the prime factors of q.
2, 373
Suppose -2*w = -3*p - 91, -2*w - 33 = -p - 114. Let r = w + 8. Suppose -f = -17 - r. List the prime factors of f.
3, 7
Suppose 26*c - 34209 = 5493. List the prime factors of c.
3, 509
Let j = 20 - 32. Let c(u) = -u**3 - 11*u**2 + 9*u + 2. List the prime factors of c(j).
2, 19
Let f be (8 - 10)*42/4. Let s = -75 - -33. Let l = f - s. What are the prime factors of l?
3, 7
Suppose -2*x - 6 = 2*g, 6*x + 10 = x. Let b be 40/10 - (g + 3). Suppose b*m = 2*k - 4 - 0, m + 2*k - 10 = 0. What are the prime factors of m?
2
Let s = -469 - -881. List the prime factors of s.
2, 103
Let w = -36 + 41. Suppose 0 = u + 5*f - 114, w*u - f - 4*f - 480 = 0. List the prime factors of u.
3, 11
Suppose -2*m = a - 234, -44 = -2*a + m + 449. Suppose -98 = -j - 3*s - 2*s, -a = -2*j + 2*s. What are the prime factors of j?
2, 59
Suppose 0*y = 2*y - 920. Let l be 4/(-6) + y/6. List the prime factors of 2*(0 + -2) + l.
2, 3
Suppose 0 = 2*k + 9 - 13. Suppose k*x = -46 + 314. List the prime factors of x.
2, 67
Let c(v) = 13*v**2 - v - 12*v**2 + 4 + 6*v**2. List the prime factors of c(5).
2, 3, 29
Suppose 3*f - 837 = -3*v, f - 5*v = 2*f - 283. Suppose 0 = -5*u - 3*z + 418, u - 5*z - f = -2*u. What are the prime factors of u?
2, 43
Suppose s + 2*w - w = 0, 6 = 2*s - w. Suppose -3*i - s = -5*m + 23, 4*i = 4*m - 20. What are the prime factors of 2/m + 159/15?
11
Let k(h) = -2*h + 18. Let t be k(10). Let z(b) = -30*b. List the prime factors of z(t).
2, 3, 5
Let w(v) = 73*v + 362*v - 37*v. Let d be w(-2). What are the prime factors of d/(-20) + (-2)/(-10)?
2, 5
Let q be (-13)/(234/(-135))*8/10. Suppose q*n - 814 - 602 = 0. List the prime factors of n.
2, 59
Let n(i) be the second derivative of -i**5/20 - i**4/12 + i**3/3 - 2*i. List the prime factors of n(-3).
2, 3
Let z be (3/((-9)/15))/(1/10). Let h = -47 - z. What are the prime factors of h?
3
Let w be (57/38)/((-6)/(-32)). Suppose 900 = -w*y + 12*y. What are the prime factors of y?
3, 5
Let n be (3 - (-1 - -3))*5. Suppose 2*l - d - n = 0, 5*d = -3*l - 0*d + 1. Suppose -112 = 3*q - 7*q + 4*r, -l*q - 5*r = -70. List the prime factors of q.
2, 3, 5
Suppose -3*m + m + 1504 = 0. What are the prime factors of m/12 - 4/6?
2, 31
Let q be (9/(-6))/3*6. Let p(x) be the second derivative of x**4/3 + 7*x**3/6 + 2*x**2 - x - 7. List the prime factors of p(q).
19
Let f(d) = d - 1. Let u be f(8). Suppose 6*m - u - 107 = 0. Suppose -g - 3 = -m. What are the prime factors of g?
2
Suppose -3*x = 12, 92 = i + x - 304. Suppose -2*t + 268 = 4*l - 152, -3*t = -4*l + i. List the prime factors of l.
103
Let f(d) = -d + 55. Suppose 2*r + 3*r = -25, 2*r + 10 = x. List the prime factors of f(x).
5, 11
What are the prime factors of 4254/(-5 + 8) + -2?
2, 3, 59
Let j(z) = 9*z + 69. What are the prime factors of j(35)?
2, 3
Suppose -u + 385 = 3*h, -5*h = -3*u - 204 + 1373. What are the prime factors of u?
2, 97
Suppose -29017 = -14*g + 10645. What are the prime factors of g?
2833
Let o be (2 - 3)/(2/18). Let f be ((-10)/(-3) - 4)*3. List the prime factors of (-38)/o + f/9.
2
Let a = 6 + -11. What are the prime factors of 4*(-1076)/(-8)*a/(-10)?
269
Let a be (2/(-4))/(1/(-6)). Suppose -20 + 47 = 3*q - 5*h, 2*h = -a*q + 27. What are the prime factors of q?
3
Let c = 202 - -498. Suppose 0 = -2*v + 7*v - c. What are the prime factors of v?
2, 5, 7
Let d(q) = 2 - 7 - 4 + 32*q**2 + 6*q. What are the prime factors of d(2)?
131
Let l(b) be the first derivative of -b**3/3 + b**2/2 + 7. Let u be l(0). Suppose -5*c - 3*h + 25 + 44 = u, -5*c + 5*h + 85 = 0. List the prime factors of c.
3, 5
Suppose 102*u - 5264 = 95*u. List the prime factors of u.
2, 47
Let m(c) = -c**2 + 5*c - 1. Suppose 3*l - 1 = 5. Let a be m(l). Suppose -i = -6*u + 5*u - 1, -i + 13 = a*u. What are the prime factors of u?
2
Suppose -b - 3*k + 3 = -4*k, b = -5*k - 9. Let x = -1 - 0. What are the prime factors of 16 + -10 + (x - b)?
2
Let n be 2*(-5)/(-20)*-18. What are the prime factors of (15/n)/(1/(-21))?
5, 7
Let r(x) = 2 - 59*x + 13*x + 4*x. What are the prime factors of r(-1)?
2, 11
Let a be 5/(-3)*-6*(-4)/(-8). Suppose -a*s + 101 = -4*s + 3*t, 5*t = 4*s - 319. List the prime factors of s.
2, 43
Suppose 4*j - 1582 = -2*p, -782 = 3*j - 5*j + 2*p. What are the prime factors of j?
2, 197
Suppose 129*i + 5*a = 126*i + 12016, -4*i + a + 16006 = 0. List the prime factors of i.
2, 3, 23, 29
Let v = 12 - 7. Suppose 126 = v*s - 24. List the prime factors of s*(-8)/(-12) + -2.
2, 3
Let a(r) = -5*r**3 - r**2 - 2*r - 3. Let f(b) = -9*b**3 - 2*b**2 - 5*b - 7. Let t(d) = -5*a(d) + 2*f(d). List the prime factors of t(2).
61
Suppose 0*o = 6*o + 6. What are the prime factors of 94/(-6)*(-2 + o)?
47
What are the prime factors of ((-48)/4)/(-3)*(-7915)/(-20)?
1583
Let o = 3102 - 1291. What are the prime factors of o?
1811
Let a = 1422 + -641. Suppose -a = -3*h + u - 71, 0 = -h - 3*u + 220. List the prime factors of h.
5, 47
Let j(q) = 5*q + 87. Let g be j(0). Let y be 59 + (2 - 3)/(-1). Let d = g - y. What are the prime factors of d?
3
Suppose -2*m - 8 = -64. Let y = 13 + m. What are the prime factors of y?
41
Suppose -2*c + 238 = 2*b + 3*b, -5*c + 2*b = -653. Let w = 195 - c. List the prime factors of w.
2, 3, 11
What are the prime factors of 491800/350 - (-6)/7?
2, 19, 37
Let m be 3/(-21) - 40/14. Let u(j) = -38*j - 2. List the prime factors of u(m).
2, 7
Let v be ((3 - 2) + -1)/1. Let t be 2 - v - 6/(-6). Suppose u - 32 = -3*g, 2*u - t*g = -0*u + 46. What are the prime factors of u?
2, 13
Let i = -685 + 371. Let v = -203 - i. What are the prime factors of v?
3, 37
Let a(u) = u**2 - 4*u - 2. Let f be a(4). Let i be 1380/36 - f/3. Suppose -w - i = -4*w. List the prime factors of w.
13
Let q be (-10)/(-5)*142/(-2). Let u = q - -208. List the prime factors of u.
2, 3, 11
Suppose 0 = 2*d + 2*z - 48 - 14, 0 = -3*z + 12. Let i = -262 - -251. Let b = d + i. What are the prime factors of b?
2
Let k = 9 + -9. Suppose k = -5*x + 36 + 89. List the prime factors of 260/x + (-6)/(-10).
11
Let i(b) = -60*b + 63. List the prime factors of i(-5).
3, 11
Suppose 4 = -2*b, -2*m - 3*b = -158 + 2. Let v = m + 8. What are the prime factors of v?
89
Let l(u) = u**2 - 2*u - 6. Suppose -3*h + h = 10. List the prime factors of l(h).
29
Let d(q) = 78*q**2 + q - 2. Suppose -28*g + 27*g = -1. What are the pri